?
True
Does 95 divide 29450?
True
Does 14 divide 1540?
True
Is 23606 a multiple of 14?
False
Is 4 a factor of 772?
True
Does 6 divide 11226?
True
Is 1298 a multiple of 6?
False
Is 1758 a multiple of 6?
True
Is 9919 a multiple of 48?
False
Does 3 divide 201?
True
Is 7 a factor of 1256?
False
Does 15 divide 1370?
False
Is 36 a factor of 649?
False
Is 6512 a multiple of 44?
True
Does 20 divide 6600?
True
Is 9 a factor of 180?
True
Is 32 a factor of 192?
True
Is 10 a factor of 177?
False
Is 56 a factor of 1455?
False
Is 15372 a multiple of 18?
True
Is 10 a factor of 32194?
False
Does 25 divide 1273?
False
Is 7317 a multiple of 78?
False
Is 2 a factor of 311?
False
Is 11954 a multiple of 180?
False
Does 7 divide 29841?
True
Is 157 a factor of 4710?
True
Is 73594 a multiple of 14?
False
Does 19 divide 9641?
False
Is 12710 a multiple of 31?
True
Is 15787 a multiple of 68?
False
Is 516 even?
True
Does 20 divide 1908?
False
Does 42 divide 966?
True
Does 21 divide 1659?
True
Does 91 divide 15803?
False
Does 5 divide 697?
False
Does 22 divide 1336?
False
Is 19 a factor of 1670?
False
Is 3539 a multiple of 9?
False
Does 12 divide 4584?
True
Is 24 a factor of 29849?
False
Is 75 a factor of 85486?
False
Is 11 a factor of 38643?
True
Is 2765 a multiple of 14?
False
Is 2932 a multiple of 44?
False
Is 109 a factor of 1246?
False
Does 40 divide 707?
False
Is 17919 a multiple of 9?
True
Is 173 a multiple of 5?
False
Does 25 divide 941?
False
Is 58 a factor of 13920?
True
Is 186 a factor of 20274?
True
Is 19581 a multiple of 61?
True
Does 49 divide 2401?
True
Does 122 divide 112606?
True
Is 37672 a multiple of 18?
False
Is 21600 a multiple of 450?
True
Does 13 divide 15703?
False
Does 9 divide 1584?
True
Does 12 divide 2573?
False
Is 982 a multiple of 61?
False
Is 19 a factor of 81472?
True
Is 6 a factor of 2215?
False
Does 11 divide 10934?
True
Is 144 a multiple of 4?
True
Does 71 divide 2556?
True
Is 119 even?
False
Is 33 a factor of 5544?
True
Is 2196 a multiple of 133?
False
Does 2 divide 165?
False
Is 20 a factor of 9351?
False
Is 80 a factor of 109612?
False
Does 180 divide 12983?
False
Does 19 divide 130321?
True
Does 39 divide 2271?
False
Does 17 divide 9520?
True
Is 4480 a multiple of 70?
True
Is 55 a factor of 715?
True
Is 9197 a multiple of 138?
False
Does 2 divide 365?
False
Does 35 divide 1229?
False
Is 71074 a multiple of 147?
False
Is 52 a factor of 832?
True
Does 15 divide 76770?
True
Is 12778 a multiple of 3?
False
Does 19 divide 8742?
False
Does 10 divide 30?
True
Is 175 a multiple of 9?
False
Is 41 a factor of 2263?
False
Is 338 a multiple of 13?
True
Is 806 a multiple of 4?
False
Is 3437 a multiple of 71?
False
Is 252 a multiple of 4?
True
Is 49 a factor of 13965?
True
Does 11 divide 55?
True
Does 121 divide 660?
False
Does 3 divide 70?
False
Is 30 a factor of 1140?
True
Is 840 a multiple of 12?
True
Does 24 divide 1390?
False
Does 17 divide 10931?
True
Is 4244 a multiple of 14?
False
Is 17 a factor of 136?
True
Is 942 a multiple of 15?
False
Is 10 a factor of 5610?
True
Is 112 a multiple of 112?
True
Does 36 divide 6948?
True
Is 4954 a multiple of 40?
False
Is 40 a multiple of 40?
True
Is 229 a multiple of 14?
False
Does 36 divide 516?
False
Is 84 a multiple of 4?
True
Is 2 a factor of 390?
True
Is 23290 a multiple of 34?
True
Is 362 a multiple of 23?
False
Is 925 a multiple of 5?
True
Is 10412 a multiple of 137?
True
Does 34 divide 476?
True
Is 13223 a multiple of 159?
False
Is 4200 a multiple of 105?
True
Is 17 a factor of 1258?
True
Does 166 divide 19920?
True
Is 60 a factor of 9660?
True
Is 3840 a multiple of 24?
True
Does 8 divide 10544?
True
Is 2 a factor of 98?
True
Does 158 divide 24648?
True
Does 59 divide 6656?
False
Does 70 divide 667?
False
Does 42 divide 2268?
True
Is 3 a factor of 12425?
False
Is 97 a multiple of 41?
False
Does 14 divide 10682?
True
Is 14 a factor of 910?
True
Does 5 divide 127?
False
Is 35 a factor of 7304?
False
Is 5 a factor of 17607?
False
Is 16236 a multiple of 12?
True
Does 15 divide 3180?
True
Is 1137 a multiple of 23?
False
Is 389 a multiple of 12?
False
Does 14 divide 14671?
False
Is 2216 a multiple of 34?
False
Is 5816 a multiple of 25?
False
Is 103 a factor of 5871?
True
Is 26699 a multiple of 44?
False
Does 21 divide 10766?
False
Does 11 divide 33?
True
Does 47 divide 395?
False
Is 191 a factor of 18336?
True
Is 65525 a multiple of 25?
True
Is 18445 a multiple of 71?
False
Is 3 a factor of 282?
True
Is 125 a factor of 36875?
True
Is 127 a multiple of 6?
False
Does 20 divide 24689?
False
Is 10 a factor of 60?
True
Is 36 a factor of 1640?
False
Does 12 divide 6468?
True
Is 3565 a multiple of 23?
True
Does 82 divide 6560?
True
Is 17811 a multiple of 12?
False
Is 79144 a multiple of 52?
True
Is 27 a factor of 32076?
True
Does 3 divide 56?
False
Is 382 a multiple of 24?
False
Is 14554 a multiple of 57?
False
Is 21 a factor of 882?
True
Is 855 a multiple of 3?
True
Is 33 a factor of 41415?
True
Does 67 divide 11695?
False
Is 38 a factor of 9437?
False
Does 56 divide 7482?
False
Is 279 a multiple of 3?
True
Is 15 a factor of 34334?
False
Does 14 divide 12815?
False
Is 33666 a multiple of 181?
True
Is 10 a factor of 180?
True
Is 35 a factor of 264?
False
Is 923 a multiple of 45?
False
Is 594 a multiple of 18?
True
Is 7 a factor of 23744?
True
Is 82 a factor of 10814?
False
Is 61 a factor of 30683?
True
Is 97 a multiple of 41?
False
Does 9 divide 361?
False
Does 45 divide 6750?
True
Does 23 divide 5462?
False
Is 2131 a multiple of 28?
False
Does 45 divide 585?
True
Is 9 a factor of 204?
False
Is 70 a factor of 16240?
True
Is 30 a factor of 8034?
False
Does 17 divide 510?
True
Is 9 a factor of 27?
True
Is 5 a multiple of 3?
False
Is 55 a factor of 55?
True
Does 3 divide 140?
False
Is 415 a multiple of 122?
False
Does 20 divide 9048?
False
Does 142 divide 49213?
False
Is 71 a factor of 17392?
False
Is 13 a factor of 13981?
False
Is 16 a factor of 26576?
True
Is 375 a multiple of 25?
True
Is 161 a factor of 122843?
True
Is 1637 a multiple of 6?
False
Does 85 divide 5572?
False
Is 42 a factor of 840?
True
Is 377 a multiple of 14?
False
Is 18 a factor of 10638?
True
Is 8 a factor of 886?
False
Is 496 a multiple of 16?
True
Does 22 divide 4096?
False
Does 15 divide 16676?
False
Is 3448 a multiple of 31?
False
Is 8033 a multiple of 136?
False
Is 4590 a multiple of 34?
True
Does 14 divide 1231?
False
Does 13 divide 16256?
False
Is 264 a multiple of 4?
True
Is 68970 a multiple of 235?
False
Is 510 a multiple of 51?
True
Is 96 a factor of 81600?
True
Is 5 a factor of 730?
True
Is 113 a factor of 1422?
False
Does 13 divide 442?
True
Does 9 divide 324?
True
Is 18 a factor of 1062?
True
Is 3124 a multiple of 44?
True
Is 954 a multiple of 6?
True
Is 5 a factor of 887?
False
Is 55 a factor of 5720?
True
Does 15 divide 75651?
False
Does 51 divide 1371?
False
Does 33 divide 1077?
False
Is 33 a factor of 6204?
True
Does 70 divide 34862?
False
Is 104 a factor of 3328?
True
Is 8 a factor of 1542?
False
Is 7 a factor of 1289?
False
Is 28 a factor of 317?
False
Is 87 a factor of 5394?
True
Does 90 divide 5040?
True
Does 2 divide 70?
True
Does 14 divide 3237?
False
Is 39 a factor of 1131?
True
Is 428 a multiple of 5?
False
Is 22 a factor of 325?
False
Is 55264 a multiple of 32?
True
Is 2 a factor of 1582?
True
Is 26929 a multiple of 40?
False
Is 4004 a multiple of 26?
True
Does 13 divide 176345?
True
Does 45 divide 45259?
False
Does 11 divide 8129?
True
Is 152 a multiple of 19?
True
Does 33 divide 1149?
False
Is 7 a factor of 3808?
True
Is 5166 a multiple of 41?
True
Is 356 a multiple of 4?
True
Is 4 a factor of 111?
False
Is 6555 a multiple of 15?
True
Is 2033 a multiple of 107?
True
Is 18 a factor of 90?
True
Is 5 a factor of 410?
True
Is 1905 a multiple of 10?
False
Is 14 a factor of 872?
False
Does 76 divide 1140?
True
Is 597 a multiple of 18?
False
Does 68 divide 3808?
True
Is 187 a multiple of 17?
True
Is 59757 a multiple of 85?
False
Is 14 a factor of 80?
False
Is 19 a factor of 57190?
True
Is 29 a factor of 23155?
False
Does 17 divide 1833?
False
Is 16898 a multiple of 119?
True
Is 11 a factor of 620?
False
Does 187 divide 12812?
False
Does 51 divide 4743?
True
Is 2110 a multiple of 5?
True
Is 37 a factor of 962?
True
